78?
True
Is 1297907 a multiple of 1553?
False
Is 768117040 a multiple of 780?
False
Is 28 a factor of 291497278?
False
Does 745 divide 7720804?
False
Does 5 divide 1999704537?
False
Does 518 divide 153332662?
True
Is 1094477 a multiple of 17?
True
Is 110 a factor of 14068670?
True
Does 11 divide 8061317?
True
Is 120 a factor of 18697015?
False
Is 3976871 a multiple of 32?
False
Is 30982136 a multiple of 4?
True
Does 622 divide 56319612?
True
Does 21 divide 55531926?
False
Is 257 a factor of 281027538?
False
Is 40116916 a multiple of 28?
True
Does 3 divide 970244609?
False
Is 2194751845 a multiple of 15?
False
Is 146 a factor of 94568562?
False
Is 23 a factor of 2138576202?
True
Is 871386502 a multiple of 217?
True
Is 5604 a factor of 601309200?
True
Is 11 a factor of 219820022?
False
Does 100 divide 126824286?
False
Is 4 a factor of 13051732?
True
Is 2777 a factor of 3463289?
False
Is 3 a factor of 20154603?
True
Does 14397 divide 3001083444?
True
Does 80 divide 6821989?
False
Is 158 a factor of 1058862280?
True
Is 46 a factor of 588975720?
True
Does 412 divide 4665654860?
True
Is 39 a factor of 457958748?
True
Is 398646913 a multiple of 10002?
False
Is 320 a factor of 49443840?
True
Is 37359841 a multiple of 127?
False
Is 4800659682 a multiple of 8358?
True
Is 1839 a factor of 733446531?
True
Is 45 a factor of 1480601180?
False
Does 7461 divide 1851215056?
False
Is 8018352 a multiple of 72?
True
Is 474903891 a multiple of 567?
True
Is 23 a factor of 47240873?
True
Does 2242 divide 814482728?
True
Is 350 a factor of 45744860?
False
Is 1694711532 a multiple of 15?
False
Is 3659145 a multiple of 105?
True
Does 3887 divide 5278546?
True
Is 1224876474 a multiple of 184?
False
Does 250 divide 315485379?
False
Does 945 divide 755706105?
True
Is 760472 a multiple of 42?
False
Does 20 divide 335770820?
True
Does 43 divide 8066714?
True
Is 252 a factor of 108046008?
True
Is 513044746 a multiple of 166?
True
Is 49 a factor of 3313707273?
False
Is 1928 a factor of 790302979?
False
Does 8886 divide 31477832?
False
Does 96 divide 11688288?
True
Does 550 divide 118847571?
False
Does 1163 divide 155261644?
False
Is 11046283 a multiple of 523?
True
Is 362 a factor of 2016276288?
True
Is 374884544 a multiple of 46?
True
Does 313 divide 26770577?
True
Is 58 a factor of 5135877554?
True
Is 196801044 a multiple of 102?
True
Is 103 a factor of 182524549?
True
Is 8515144099 a multiple of 7781?
False
Does 767 divide 226574143?
False
Is 107 a factor of 8670317?
True
Does 141 divide 168528135?
True
Is 2709 a factor of 27369027?
True
Does 644 divide 140509573?
False
Is 73 a factor of 4195019?
False
Does 181 divide 730763634?
False
Does 4 divide 28219145?
False
Is 5015088 a multiple of 5?
False
Is 1696 a factor of 22680608?
True
Is 240189560 a multiple of 3?
False
Is 550746222 a multiple of 12?
False
Is 1798 a factor of 1234776908?
False
Is 4 a factor of 29174376?
True
Is 249207000 a multiple of 3000?
True
Does 584 divide 82338744?
True
Is 1282146508 a multiple of 219?
False
Is 1335423240 a multiple of 270?
True
Is 27 a factor of 10313460?
True
Is 30198690 a multiple of 9?
True
Is 208596683 a multiple of 13?
False
Is 38177563 a multiple of 24?
False
Is 39249729 a multiple of 149?
True
Does 206 divide 6707154?
True
Does 37 divide 14254911?
False
Is 120 a factor of 202922530?
False
Is 23 a factor of 12907646?
True
Does 19 divide 1420085726?
True
Is 52607325 a multiple of 5?
True
Is 57 a factor of 58373529?
True
Is 310269353 a multiple of 25?
False
Is 9 a factor of 85406814?
True
Is 1721 a factor of 4903129?
True
Is 1932112081 a multiple of 2020?
False
Is 1557057540 a multiple of 207?
False
Is 24 a factor of 1248215352?
True
Does 222 divide 616142796?
True
Is 1036679416 a multiple of 415?
False
Is 2 a factor of 43790578?
True
Is 98 a factor of 41361194?
True
Does 199 divide 665299188?
True
Does 994 divide 380492240?
False
Does 479 divide 2730278924?
True
Is 1156176677 a multiple of 23?
False
Is 68 a factor of 152085468?
True
Does 6363 divide 2562381169?
False
Does 1205 divide 4404275?
True
Is 31500648 a multiple of 8?
True
Does 4 divide 39358472?
True
Is 307329309 a multiple of 21?
True
Is 645 a factor of 196854645?
True
Does 3596 divide 10500320?
True
Does 36 divide 24332089?
False
Is 513 a factor of 164367252?
True
Does 169 divide 1221462421?
False
Is 373853794 a multiple of 80?
False
Is 18603732 a multiple of 84?
True
Does 265 divide 1479292805?
True
Is 89537073 a multiple of 2?
False
Does 1250 divide 5817500?
True
Does 68 divide 177400591?
False
Is 972252218 a multiple of 311?
False
Does 183 divide 22430493?
True
Is 595 a factor of 1736112420?
True
Is 17093700 a multiple of 156?
True
Is 103593600 a multiple of 288?
True
Does 48 divide 120241038?
False
Is 1719 a factor of 59869332?
True
Is 45580728 a multiple of 53?
False
Is 37431876 a multiple of 2946?
True
Is 95 a factor of 1046592105?
True
Is 69406155 a multiple of 9?
True
Is 53327160 a multiple of 18?
True
Does 6901 divide 2374129526?
False
Does 150 divide 243051600?
True
Does 597 divide 660371550?
True
Does 6717 divide 585064134?
True
Is 61397496 a multiple of 585?
False
Is 4 a factor of 7149036?
True
Is 35670461 a multiple of 18?
False
Does 257 divide 29767904?
False
Is 382 a factor of 420722958?
True
Does 4 divide 152166958?
False
Does 39 divide 38976444?
True
Is 27 a factor of 15561273?
False
Does 282 divide 6452828?
False
Does 259 divide 135441460?
True
Is 676 a factor of 581881872?
True
Does 31 divide 76638138?
True
Is 22999231 a multiple of 269?
True
Does 8 divide 716681624?
True
Is 1762269547 a multiple of 768?
False
Does 36 divide 79770566?
False
Is 826216902 a multiple of 4669?
True
Is 14 a factor of 482189218?
True
Does 2334 divide 227123753?
False
Does 71 divide 622510179?
True
Does 728 divide 70313089?
False
Is 34136564 a multiple of 61?
False
Is 35583907 even?
False
Is 244023912 a multiple of 66?
True
Is 26813055 a multiple of 279?
False
Does 146 divide 2672905968?
False
Does 342 divide 42013674?
True
Is 1444 a factor of 17274572?
True
Is 113172875 a multiple of 125?
True
Is 7626194 a multiple of 3?
False
Does 129 divide 28259385?
True
Is 31 a factor of 195282175?
True
Is 20772120 a multiple of 1113?
False
Is 27 a factor of 14797863?
True
Is 13753460 a multiple of 70?
True
Does 1988 divide 698487776?
True
Is 4403062564 a multiple of 179?
False
Does 217 divide 221568284?
True
Does 15 divide 52944276?
False
Does 48 divide 116549616?
True
Is 636 a factor of 175657346?
False
Does 4 divide 200956121?
False
Does 52 divide 4732658216?
True
Does 11799 divide 1332267752?
False
Is 3627284560 a multiple of 33?
False
Is 23347444 a multiple of 2200?
False
Is 212562012 a multiple of 3282?
True
Is 28 a factor of 407603134?
False
Is 1481 a factor of 6224643?
True
Does 8722 divide 4348265880?
True
Is 968 a factor of 346784064?
True
Is 35 a factor of 16683758?
False
Is 18221464 a multiple of 1001?
False
Is 7 a factor of 10469459?
True
Is 351605241 a multiple of 571?
True
Is 8 a factor of 25758613?
False
Is 280795866 a multiple of 338?
True
Is 6 a factor of 1865520?
True
Is 7649091 a multiple of 25?
False
Is 16 a factor of 2789671920?
True
Does 117 divide 69092244?
True
Is 10300674 even?
True
Does 14 divide 110505843?
False
Is 227 a factor of 204338363?
True
Is 20 a factor of 2301773452?
False
Is 705383180 a multiple of 172?
True
Does 2307 divide 3642111654?
True
Is 6536443 a multiple of 108?
False
Is 1115 a factor of 4035434?
False
Does 557 divide 39532929?
False
Is 1153 a factor of 2356326144?
True
Is 88409664 a multiple of 32?
True
Is 27 a factor of 346312287?
True
Is 21462772 a multiple of 464?
False
Does 302 divide 172540519?
False
Is 2229254682 a multiple of 35?
False
Does 455 divide 54047630?
True
Is 2007 a factor of 1732332015?
True
Is 24 a factor of 163395782?
False
Is 7374574 a multiple of 3?
False
Is 15323926 a multiple of 72?
False
Is 1092 a factor of 31247580?
True
Is 3851072 a multiple of 8?
True
Does 15 divide 235165215?
True
Does 11 divide 39075149?
False
Is 111699962 a multiple of 2134?
True
Is 13693552 a multiple of 18?
False
Is 59 a factor of 20692395?
False
Does 7 divide 1574202?
True
Is 107010566 a multiple of 206?
False
Is 59 a factor of 17082682?
False
Is 3096 a factor of 116304336?
True
Does 